{"id":11,"date":"2018-11-03T14:28:38","date_gmt":"2018-11-03T13:28:38","guid":{"rendered":"http:\/\/unterm-nussbaeumle.de\/wordpress\/?page_id=11"},"modified":"2018-11-03T22:29:03","modified_gmt":"2018-11-03T21:29:03","slug":"kontakt","status":"publish","type":"page","link":"http:\/\/unterm-nussbaeumle.de\/wordpress\/kontakt\/","title":{"rendered":"Kontakt"},"content":{"rendered":"\n<iframe loading=\"lazy\" src=\"https:\/\/www.google.com\/maps\/embed?pb=!1m14!1m8!1m3!1d1344.8306941870076!2d7.759410837434648!3d47.61327349808582!3m2!1i1024!2i768!4f13.1!3m3!1m2!1s0x4791b3c911c9e9ed%3A0x6344c0fd327844c4!2sKegelpl.+3%2C+79618+Rheinfelden+(Baden)!5e0!3m2!1sde!2sde!4v1423141792736\" width=\"700\" height=\"450\" frameborder=\"0\" style=\"border:0\"><\/iframe>\n\n\n<p>Silvia Gerbode<br \/>Kegelplatz 3<br \/>79618 Rheinfelden<br \/>Tel: +49(0)7627 8369<br \/>eMail: info@unterm-nussbaeumle.de<\/p>\n<p>Haftungshinweis: F\u00fcr den Inhalt externer Links \u00fcbernehmen wir keine Haftung. F\u00fcr den Inhalt er verlinkten Seiten sind ausschlie\u00dflich deren Betreiber verantwortlich.<br \/><em>Aufsichtsbeh\u00f6rde: <\/em>Landratsamt L\u00f6rrach<\/p>\n\n\n<p><\/p>\n","protected":false},"excerpt":{"rendered":"<p>Silvia GerbodeKegelplatz 379618 RheinfeldenTel: +49(0)7627 8369eMail: info@unterm-nussbaeumle.de Haftungshinweis: F\u00fcr den Inhalt externer Links \u00fcbernehmen wir keine Haftung. F\u00fcr den Inhalt er verlinkten Seiten sind ausschlie\u00dflich deren Betreiber verantwortlich.Aufsichtsbeh\u00f6rde: Landratsamt L\u00f6rrach<\/p>\n","protected":false},"author":1,"featured_media":0,"parent":0,"menu_order":0,"comment_status":"closed","ping_status":"closed","template":"","meta":{"footnotes":""},"class_list":["post-11","page","type-page","status-publish","hentry","gallery-content-unit"],"_links":{"self":[{"href":"http:\/\/unterm-nussbaeumle.de\/wordpress\/wp-json\/wp\/v2\/pages\/11","targetHints":{"allow":["GET"]}}],"collection":[{"href":"http:\/\/unterm-nussbaeumle.de\/wordpress\/wp-json\/wp\/v2\/pages"}],"about":[{"href":"http:\/\/unterm-nussbaeumle.de\/wordpress\/wp-json\/wp\/v2\/types\/page"}],"author":[{"embeddable":true,"href":"http:\/\/unterm-nussbaeumle.de\/wordpress\/wp-json\/wp\/v2\/users\/1"}],"replies":[{"embeddable":true,"href":"http:\/\/unterm-nussbaeumle.de\/wordpress\/wp-json\/wp\/v2\/comments?post=11"}],"version-history":[{"count":12,"href":"http:\/\/unterm-nussbaeumle.de\/wordpress\/wp-json\/wp\/v2\/pages\/11\/revisions"}],"predecessor-version":[{"id":84,"href":"http:\/\/unterm-nussbaeumle.de\/wordpress\/wp-json\/wp\/v2\/pages\/11\/revisions\/84"}],"wp:attachment":[{"href":"http:\/\/unterm-nussbaeumle.de\/wordpress\/wp-json\/wp\/v2\/media?parent=11"}],"curies":[{"name":"wp","href":"https:\/\/api.w.org\/{rel}","templated":true}]}}