{"id":9,"date":"2018-11-03T14:28:38","date_gmt":"2018-11-03T13:28:38","guid":{"rendered":"http:\/\/unterm-nussbaeumle.de\/wordpress\/?page_id=9"},"modified":"2018-11-03T15:29:54","modified_gmt":"2018-11-03T14:29:54","slug":"startseite","status":"publish","type":"page","link":"http:\/\/unterm-nussbaeumle.de\/wordpress\/","title":{"rendered":"Startseite"},"content":{"rendered":"<p>Als Gascht cho &#8230;.. als Fr\u00fcnd goh&#8230;&#8230;<br \/>\nHerzlich willkommen auf der Seite der Ferienwohnung<\/p>\n<h3>Unter&#8217;m Nussb\u00e4umle<\/h3>\n<p>der Familie Gerbode in Rheinfelden-Adelhausen.<br \/>\nOb Sie einfach ein paar Tage ausspannen wollen, ob wieder einmal ein Besuch bei Ihren Verwandten oder Bekannten ansteht, ob es Sie beruflich in unsere Ecke verschl\u00e4gt, ob Sie Besucher\/Aussteller der Messen in Basel oder L\u00f6rrach sind, ob Sie als Kurzurlauber die Basler Museen, das Stimmenfestival in L\u00f6rrach oder das Tattoo in Basel besuchen m\u00f6chten,<br \/>\nhier wohnen Sie sch\u00f6n und werden mit allem Komfort verw\u00f6hnt.<\/p>\n","protected":false},"excerpt":{"rendered":"<p>Als Gascht cho &#8230;.. als Fr\u00fcnd goh&#8230;&#8230; Herzlich willkommen auf der Seite der Ferienwohnung Unter&#8217;m Nussb\u00e4umle der Familie Gerbode in Rheinfelden-Adelhausen. Ob Sie einfach ein paar Tage ausspannen wollen, ob wieder einmal ein Besuch bei Ihren Verwandten oder Bekannten ansteht, ob es Sie beruflich in unsere Ecke verschl\u00e4gt, ob Sie Besucher\/Aussteller der Messen in Basel &hellip; <a href=\"http:\/\/unterm-nussbaeumle.de\/wordpress\/\" class=\"more-link\"><span class=\"screen-reader-text\">Startseite<\/span> weiterlesen<\/a><\/p>\n","protected":false},"author":1,"featured_media":15,"parent":0,"menu_order":0,"comment_status":"closed","ping_status":"closed","template":"","meta":{"footnotes":""},"class_list":["post-9","page","type-page","status-publish","has-post-thumbnail","hentry","gallery-content-unit"],"_links":{"self":[{"href":"http:\/\/unterm-nussbaeumle.de\/wordpress\/wp-json\/wp\/v2\/pages\/9","targetHints":{"allow":["GET"]}}],"collection":[{"href":"http:\/\/unterm-nussbaeumle.de\/wordpress\/wp-json\/wp\/v2\/pages"}],"about":[{"href":"http:\/\/unterm-nussbaeumle.de\/wordpress\/wp-json\/wp\/v2\/types\/page"}],"author":[{"embeddable":true,"href":"http:\/\/unterm-nussbaeumle.de\/wordpress\/wp-json\/wp\/v2\/users\/1"}],"replies":[{"embeddable":true,"href":"http:\/\/unterm-nussbaeumle.de\/wordpress\/wp-json\/wp\/v2\/comments?post=9"}],"version-history":[{"count":5,"href":"http:\/\/unterm-nussbaeumle.de\/wordpress\/wp-json\/wp\/v2\/pages\/9\/revisions"}],"predecessor-version":[{"id":99,"href":"http:\/\/unterm-nussbaeumle.de\/wordpress\/wp-json\/wp\/v2\/pages\/9\/revisions\/99"}],"wp:featuredmedia":[{"embeddable":true,"href":"http:\/\/unterm-nussbaeumle.de\/wordpress\/wp-json\/wp\/v2\/media\/15"}],"wp:attachment":[{"href":"http:\/\/unterm-nussbaeumle.de\/wordpress\/wp-json\/wp\/v2\/media?parent=9"}],"curies":[{"name":"wp","href":"https:\/\/api.w.org\/{rel}","templated":true}]}}